*a + 7, 0 = 3*h. Calculate c(a).
-7
Let q(j) = -65*j**3 - 23*j**2 + 18*j + 4. Let k(b) = -29*b**3 - 10*b**2 + 8*b + 2. Let p(i) = -9*k(i) + 4*q(i). Let y = -4 - -7. Calculate p(y).
7
Let s(p) = 2*p**2 - 2*p - 2. Let b(i) be the second derivative of -i**5/20 + 17*i**4/12 - 14*i**3/3 - 27*i**2/2 + 42*i. Let d be b(15). Calculate s(d).
10
Let z(o) = o - 2. Let i be z(4). Let f(h) = 4 + 5*h**2 - i*h**2 + 3*h - 2*h**2. Let m be (0 - 12/15)/(84/420). Determine f(m).
8
Let o(x) = 3*x**2 - 5*x**2 - 305 + 149 - 33*x + 142. Let i(q) = -q**2 - 16*q - 7. Let t(r) = -5*i(r) + 2*o(r). Determine t(-6).
-41
Suppose -4*q + 0*q = -3*v + 798, 0 = -2*v + 2*q + 532. Suppose -4*o + 254 = v. Let j(n) = -3*n + 4*n + 0*n. Determine j(o).
-3
Let p(d) be the second derivative of -d**4/12 + 4*d**3/3 - 3*d**2 - 6230*d. Let r = -10 + 16. Give p(r).
6
Let n(i) = -5*i**3 + 65*i**2 - 155*i - 12. Let c(d) = -3*d**3 + 39*d**2 - 93*d - 7. Let y(z) = 13*c(z) - 8*n(z). What is y(10)?
15
Let g(a) = 2*a**2 - 173*a + 1254. Let v be g(8). Let h(t) = 23*t + 7. Determine h(v).
-39
Let v(a) = a**3 - 18*a**2 + 16*a - 15. Suppose 9*l - 89 - 46 - 18 = 0. Give v(l).
-32
Let t(r) = r + 2. Let i be t(1). Suppose -2*q = i*q. Let j(k) = 0*k**2 + k**3 - 2*k + 2*k**2 + q*k**2 + k + 3. Give j(-3).
-3
Let b(m) = -m**3 + 6*m**2 + 19*m - 3. Suppose -3*z - 3*g = -33, -28 = -5*z - 63*g + 67*g. What is b(z)?
21
Let u(w) be the second derivative of 62*w - 11/6*w**3 + 0 + 1/2*w**2 + 1/12*w**4. Calculate u(9).
-17
Let m(i) = i**2 - 12*i - 36. Let b be m(14). Let k(f) = -8 + 3*f**2 + 6*f + 3*f**2 + 6 - 5*f**2 - 8. Calculate k(b).
6
Let n = 3403 + -3402. Let d(h) = 7*h - 8. What is d(n)?
-1
Let z(m) = 545 - 139 - 139 - 136 + 3*m - 136. Let d = -16 + 27. Let n = d + -7. Calculate z(n).
7
Let z(a) = 28*a + 176 + 34*a + 105 + 18*a - 70*a. Determine z(-27).
11
Let j be 3*(-5 + 2 + 4). Let a(s) = 12*s - j - 6*s - 5*s. Determine a(-9).
-12
Let k(a) = -a**3 + a**2 + a. Let w(r) = 6*r**3 + 2*r**2 + r - 3. Let v(b) = -5*k(b) - w(b). Let s be (853/2)/((-51)/6 - -9). Let o = s + -859. What is v(o)?
3
Suppose -716*x = -175*x + 2100 + 605. Let t(k) be the second derivative of -k**4/6 - 5*k**3/6 + 3*k**2 - k. Give t(x).
-19
Suppose 3*n + 8*n - 664 = -664. Let d(j) = -j**3 + 2*j**2 - 6*j + 1. Calculate d(n).
1
Let r be 10/(-55) - (-944)/(-11). Let u = 86 + r. Let n(j) = 9 - 8*j - 2 - 13*j + 20*j. Determine n(u).
7
Let i(j) = 43*j - 427. Let g be (-32)/176 + (8/44 - -10). Determine i(g).
3
Let j(w) = -w**2 - 7*w - 2. Suppose -103 = -2*u - 115. Let a be 41/u - (-36)/(-216). What is j(a)?
-2
Let f be 0/(2 - 7 - 2). Suppose f = 7*i + 59 - 31. Let o(q) = q**3 + 4*q**2. Calculate o(i).
0
Suppose -5*m = -2*n + 58, -m - 13*n + 2 = -10*n. Let o(s) = -s - 9. Let c be o(m). Let a(v) = 12*v**3 - 2*v + 1. Calculate a(c).
11
Let v(i) = 45*i - 32. Let s be v(1). Let u(g) = g + g**3 + 26 - s - 4 - 13 - 7*g**2. Calculate u(7).
3
Let w = 234 - 229. Let r(j) = 43*j**3 - 86*j**3 + 6*j**2 - 7 + 44*j**3 + 16 + w*j**2 + 12*j. Give r(-10).
-11
Let h(a) be the first derivative of -a**3/3 - 3*a**2/2 + a + 826. Give h(5).
-39
Let h(z) = 2*z - 8. Let f be 14 - (-1 + -1) - 40/(-10). Suppose 4*w + 12 = f. Suppose 0 = w*p - 2*u - 10, 2*u - 6 = p - 9. Calculate h(p).
6
Let f(s) be the first derivative of -s**4/4 + 2*s**3/3 - s**2 + 19*s + 70. Let y(o) be the first derivative of f(o). Give y(2).
-6
Let v(j) = -j - 36. Let n be v(0). Let w be (1/2)/((-3)/n). Let r(k) be the second derivative of k**4/12 - 7*k**3/6 - 19*k + 7. Give r(w).
-6
Let p(k) be the first derivative of 22 - 7*k - 1/4*k**4 + 4*k**2 + 2*k**3. Determine p(7).
0
Let t(v) be the first derivative of v**7/840 - v**6/72 - v**5/60 + v**4/8 + 43*v**3/3 - 61. Let o(n) be the third derivative of t(n). Calculate o(5).
-7
Let d(o) be the third derivative of -107*o**2 + 0*o - 13/60*o**5 + 0 - o**3 - 1/120*o**6 + 13/24*o**4. Determine d(-14).
8
Let x(q) = -3*q**3 - 50*q**2 - 6*q - 8. Let g(p) = 8*p**3 + 140*p**2 + 17*p + 23. Let a(c) = 4*g(c) + 11*x(c). Give a(10).
24
Let v(b) be the first derivative of b**5/120 + b**3/3 + 47*b + 31. Let l(x) be the third derivative of v(x). Calculate l(-2).
-2
Suppose 2*k = -5*d + 11, 3 = -d + k + 8. Suppose -d*r - 9 = -g - 7, 0 = -r - 5*g - 22. Let l(p) = 2*p**3 - p**2 + p - 2. Calculate l(r).
-24
Let r be (6 - 0/(-2)) + 0. Let x(n) = 4 - 1552*n + 3138*n - n**3 - 1581*n + 5*n**2. Let h be x(r). Let y(t) = 2*t - 2. What is y(h)?
-6
Suppose -4*s = -16*s - 9*s - 189. Let n(d) = -d**3 - 9*d**2 + 11. Give n(s).
11
Let g(r) = -2*r + 13. Let y(z) = 13*z**2 + 5*z - 6. Let o(u) = -u**2 - 1. Let b(v) = -5*o(v) + y(v). Let n be b(-1). Determine g(n).
-11
Let o(t) be the third derivative of -t**6/30 - 2*t**5/15 - 3*t**4/8 - t**3/3 - 7*t**2 + 106. What is o(-1)?
3
Let b(c) = -7*c + 4. Let n(t) = 4*t - 2. Let g(l) = 6*b(l) + 11*n(l). Let d(r) = 6*r**2 - 15*r - 6. Let q = -574 + 577. Let s be d(q). Give g(s).
8
Let w(t) be the first derivative of t**4/12 + 5*t**3/2 + 29*t**2/2 - 214*t + 24. Let a(o) be the first derivative of w(o). Determine a(-13).
3
Let c(o) = o**2 + 12*o + 24. Let q be c(-10). Suppose q*x = 115 + 365. Let h = -124 + x. Let y(f) = f**3 + 4*f**2 - 5. Give y(h).
-5
Suppose 0 = -m - 22 - 3. Suppose 48 = -q + 3*x + 3, 35 = -q + x. Let n = q - m. Let a(k) = -k**3 - 7*k**2 - 7*k + 2. Calculate a(n).
-13
Let t(x) be the first derivative of x**5/60 + 3*x**4/8 - 2*x**3/3 - x**2/2 - 1. Let l(b) be the second derivative of t(b). Let d = 1093433 - 1093442. Give l(d).
-4
Let d(s) = -9683*s - 17 - s**2 - 217 + 4877*s + 4845*s. Determine d(32).
-10
Let k(u) = 3 - 1153338*u - 28 + 1153337*u. Give k(-34).
9
Suppose 2*i - 5*n - 3 = -4*n, 15 = i + n. Let o(x) = -x + 1. Let c(g) = -g**2 + 5*g - 3. Let a(l) = -c(l) + o(l). Give a(i).
4
Let z be (-48)/((-3)/(-2) - 1). Let s = -97 - z. Let b(x) = -32*x**2 + 2*x + 1. Determine b(s).
-33
Let s(j) = j - 4. Let x be s(0). Let g(a) be the second derivative of 2*a**2 + 2 + 1/3*a**3 + 14*a. What is g(x)?
-4
Let l be (-96)/160 - 34/10. Let q(p) be the third derivative of p**5/30 + p**4/8 + 5*p**3/6 - p**2 + 4*p. Calculate q(l).
25
Let l(u) be the third derivative of -u**6/720 - u**5/15 + 39*u**4/8 - 26*u**2 + 2. Let d(q) be the second derivative of l(q). What is d(-10)?
2
Let c(g) = -g**2 - 3*g - 2. Suppose -12 = -l - 3*r, -9 = 5*l - 3*r + 3. Suppose l = i - 0*i + 2. Let x be c(i). Let y(s) = -s**3 - s**2 - 12. Determine y(x).
-12
Let t(d) = -5*d - 182. Let x(i) = 26*i + 1000. Let a(r) = -11*t(r) - 2*x(r). Suppose -4*h + 3*o - 16 = 0, -20 = 2*h + 3*h + 2*o. Calculate a(h).
-10
Suppose -2*n + 3*k = 2*k - 15, -k = -4*n + 27. Let y(q) = 3*q**2 - 45. Let c(z) = 17*z**2 + 6*z - 271. Let l(f) = -c(f) + 6*y(f). Calculate l(n).
1
Let p(c) be the first derivative of c**4/4 + 23*c**3/3 + 29*c**2 - 10*c + 11145. Calculate p(-20).
30
Let m(b) = -b**3 + 3*b**2 - 4*b. Let l(w) = w**3 - w**2 + 2*w + 3. Let o be l(0). Let c be m(o). Let x(n) = n**3 + 13*n**2 + 12*n + 10. Determine x(c).
10
Let t(j) = j**2 + 3*j - 2. Suppose -5*b - 2*o - 60 = -0*o, -4*o - 22 = 3*b. Let c = 30 + b. Let z = c - 21. Determine t(z).
8
Suppose -12*r + t - 18 = -15*r, -5*t = 2*r - 38. Let y(q) be the second derivative of 0*q**3 - 1/12*q**r - 11/2*q**2 + 1/20*q**5 + 1 - 2*q. Determine y(0).
-11
Let d = -4 - -2. Let k(m) be the first derivative of -m**3/3 - 3*m**2/2 - 75*m - 42. Let h(n) be the first derivative of k(n). Give h(d).
1
Let v = 31 + -37. Let q(t) be the first derivative of -t**6/360 - t**5/20 + t**4/24 + 16*t**3/3 + 4. Let k(l) be the third derivative of q(l). Calculate k(v).
1
Suppose 2*c - i = i - 132, 0 = -c - i - 60. Let n = c - -90. Let r = -21 + n. Let b(x) = x**3 - 5*x**2 - 6*x + 5. Determine b(r).
5
Let q(f) = f**2 + 2*f - 37. Let u be 4/(-2)*21/231 - (-75)/(-11). Calculate q(u).
-2
Let q(v) = -6*v**2 - 78*v + 83. Let s be q(-14). Let d(r) = 38*r**3 - 1 - 25*r**2 + 13*r**2 + 12*r**2. What is d(s)?
-39
Let a be 72/20*(-25)/5. Let x be (-97)/3 - 6/a. Let f = 33 + x. Let u(q) = 9*q + 1. Calculate u(f).
10
Let c(s) = -5*s - 105. Let m be c(-22). Suppose -4*y + 5*v - 2 = 10, -m*y - 5*v - 15 = 0. Let t(u) = u**2 - 6*u - 4 - 2*u**2 + 6. Give t(y).
11
Let k be 3*(-77)/(-660) - 1/5. Let u(q) be the second derivative of 1/2*q**2 - 7*q + 1/3*q**3 + k*q**5 + 0*q**4 + 0.